t r(n) = 3*n**2 + 1589*n - 12734. Determine r(8).
170
Let i(a) = 1941*a - 172626. Give i(89).
123
Let o(r) = 7*r**2 + 468*r - 4806. Give o(9).
-27
Let i(c) = 3*c**2 - 25217*c + 377573. What is i(15)?
-7
Let b(a) = -a**3 + 16*a**2 + 2635*a - 46785. What is b(18)?
-3
Let z(y) = -899*y - 336725. Give z(-375).
400
Let q(w) = -w**2 - 22093*w - 220810. Calculate q(-10).
20
Let a(w) = -3*w**3 - 3*w**2 - 2094*w + 6258. Determine a(3).
-132
Let r(z) = -23475*z + 8263183. Calculate r(352).
-17
Let o(g) = g**3 + 11*g**2 - 405*g - 3835. Give o(-9).
-28
Let c(j) = -1130*j**2 - 4485*j - 55. Give c(-4).
-195
Let w(i) = -i**2 - 4943*i + 194273. Determine w(39).
-25
Let c(i) = 5055*i + 293207. Determine c(-58).
17
Let n(x) = 685377*x - 21246691. What is n(31)?
-4
Let x(u) = 5820*u + 564541. Give x(-97).
1
Let j(h) = 2*h**3 - 139*h**2 + 2242*h - 138576. What is j(68)?
8
Let r(a) = -a**3 - 65*a**2 - 268*a - 26932. Give r(-67).
2
Let a(r) = 3353*r**2 - 23476*r + 32. Determine a(7).
-3
Let r(y) = -y**3 + 184*y**2 + 314*y + 10832. Give r(186).
44
Let t(a) = -780*a + 14664. What is t(23)?
-3276
Let p(o) = 5*o**2 - 305*o - 5634. What is p(75)?
-384
Let t(a) = 103*a**2 + 1045*a - 2311. Determine t(-12).
-19
Let t(n) = 2*n**3 - 36*n**2 - 4832*n + 88. Calculate t(59).
442
Let w(m) = 3*m**3 - 137*m**2 + 107*m - 7. Calculate w(45).
758
Let h(m) = -133*m**2 + 596*m + 750. Determine h(-1).
21
Let v(d) = -793*d + 104680. What is v(132)?
4
Let t(x) = -9375*x - 178104. Give t(-19).
21
Let b(m) = m**2 + 15393*m - 231056. Give b(15).
64
Let w(r) = 15*r + 59. Give w(-18).
-211
Let w(q) = -2*q**3 + 5*q**2 - 14469*q - 57919. Give w(-4).
165
Let w(d) = -d**3 + 78*d**2 + 304*d - 17800. Determine w(79).
-25
Let d(l) = -l**2 - 109*l + 1102. Determine d(15).
-758
Let m(c) = -2161*c**3 + 738*c - 737. Give m(1).
-2160
Let f(v) = v**2 + 117*v + 2187. Give f(-81).
-729
Let x(m) = -m**2 - 373*m - 32833. Determine x(-240).
-913
Let r(q) = 44818*q - 1120448. Determine r(25).
2
Let u(v) = -175*v**3 + 7*v**2 + 343*v + 678. What is u(-2)?
1420
Let q(d) = 13374*d + 5951435. What is q(-445)?
5
Let j(o) = 865*o - 294943. Determine j(341).
22
Let i(h) = -43*h**2 + 475*h + 946. Calculate i(-2).
-176
Let w(s) = -s**3 + 52*s**2 + 532*s - 1697. Give w(-11).
74
Let g(k) = 5431*k + 874394. Determine g(-161).
3
Let g(p) = -675*p - 9919. Give g(-15).
206
Let f(y) = -69*y**2 - 535*y - 767. Determine f(-6).
-41
Let t(h) = 41831*h - 292806. What is t(7)?
11
Let k(j) = -663*j - 9960. Calculate k(-15).
-15
Let q(k) = -1738*k - 11059. What is q(-8)?
2845
Let v(q) = q**2 + 2302*q - 11516. Determine v(5).
19
Let q(r) = 7*r**3 - 33*r**2 - 117*r + 48. Determine q(7).
13
Let i(u) = 10921*u - 3036023. Calculate i(278).
15
Let t(a) = 6296*a + 44092. Calculate t(-7).
20
Let x(k) = -65*k**2 - 79749*k + 7362. Determine x(-1227).
0
Let o(u) = 2*u**3 - 2*u**2 + 18*u - 1087. Calculate o(0).
-1087
Let u(z) = -7*z**2 + 1370*z + 393. Give u(196).
1
Let l(w) = 309*w - 27815. Calculate l(90).
-5
Let l(o) = -o**2 - 345*o - 621. Determine l(-343).
65
Let r(t) = 2*t**3 - 575*t**2 + 26458*t - 1840. Give r(230).
0
Let d(j) = 24*j**3 - 383*j**2 - 11*j + 169. Give d(16).
249
Let k(u) = u**2 - 1828*u - 20233. Determine k(-11).
-4
Let l(k) = -600*k + 101502. What is l(169)?
102
Let m(x) = 7*x**3 - 1303*x**2 + 191*x - 1091. Calculate m(186).
-161
Let s(x) = -x**3 + 4*x**2 + 945*x + 28. Give s(-29).
376
Let w(r) = 256*r - 13991. Determine w(50).
-1191
Let u(h) = -h**3 + 22*h**2 + 34*h - 1344. Calculate u(20).
136
Let h(m) = -2*m**2 + 375*m - 5252. What is h(15)?
-77
Let b(k) = -2*k**3 + 7*k**2 - 5*k + 3. Give b(2).
5
Let i(t) = -t**3 - 10*t**2 + 174*t - 342. Calculate i(6).
126
Let r(o) = -274*o - 3908. Determine r(-15).
202
Let p(i) = i**3 - 35*i**2 + 434*i - 24. What is p(16)?
2056
Let l(o) = -4*o**3 - 67*o**2 + 256*o + 4057. Calculate l(-17).
-6
Let x(d) = 154*d**2 + 1011*d + 63. What is x(-9)?
3438
Let x(a) = 761*a**2 - 236*a + 236. What is x(1)?
761
Let u(g) = 5*g**3 - 23*g**2 - 348*g - 50. What is u(11)?
-6
Let b(f) = -f**3 + 26*f**2 + 44*f - 1712. What is b(25)?
13
Let t(u) = -87621*u - 525741. Determine t(-6).
-15
Let o(q) = 2*q**2 + 65*q + 1992. Give o(-41).
2689
Let j(v) = 268*v + 10224. What is j(-45)?
-1836
Let h(b) = 20*b**3 - 77*b**2 + 9*b - 67. Give h(5).
553
Let l(v) = 3*v**3 + 14*v**2 + 66*v - 339. Determine l(3).
66
Let t(u) = 2*u**3 - 60*u**2 - 908*u + 310. What is t(41)?
64
Let a(n) = -n**3 - 182*n**2 + 576*n + 3746. What is a(-185)?
-139
Let p(j) = -3424*j + 24165. Calculate p(7).
197
Let q(s) = 6*s**3 + 307*s**2 + 30*s - 1090. Calculate q(-51).
-19
Let t(a) = -5*a**2 + 1724*a - 11276. Give t(338).
216
Let y(q) = q**3 - 23*q**2 - 186*q - 187. What is y(29)?
-535
Let j(u) = -2410*u + 409067. What is j(170)?
-633
Let o(f) = -f**3 + 25*f**2 - 226*f + 4140. Determine o(23).
0
Let y(m) = -3*m**3 + 68*m**2 + 29*m - 176. Give y(23).
-38
Let h(f) = -5*f**2 - 1775*f - 42744. Determine h(-329).
26
Let l(o) = -260*o**2 + 68895*o + 1308. Determine l(265).
-17
Let l(f) = -1964*f**3 - f**2 - 777*f - 777. Give l(-1).
1963
Let y(t) = -14232*t - 540788. Determine y(-38).
28
Let f(a) = 114*a**2 - 1129*a + 10. Calculate f(10).
120
Let l(y) = 1703*y - 34310. Give l(20).
-250
Let p(n) = -n**3 + 153*n**2 + 165*n - 1736. Give p(154).
-42
Let u(d) = 616*d - 19932. Determine u(30).
-1452
Let s(m) = -26*m**2 - 6331*m + 3192. What is s(-244)?
20
Let p(v) = v**2 - 135*v - 34699. Calculate p(266).
147
Let x(u) = 59176*u + 18462901. Determine x(-312).
-11
Let v(s) = -54855*s - 4607828. Calculate v(-84).
-8
Let s(m) = -11988*m + 935087. What is s(78)?
23
Let t(k) = k**3 + 5*k**2 - 14220*k + 126846. Give t(9).
0
Let o(k) = k**3 - 312*k**2 - 861*k + 171914. Give o(313).
390
Let j(o) = o**3 - 216*o**2 + 1284*o - 48323. Determine j(211).
-4
Let h(u) = 3*u**3 + 36*u**2 + 789*u + 9356. Determine h(-12).
-112
Let y(v) = -3046*v - 21322. Give y(-7).
0
Let z(k) = 84*k**2 - 4615*k - 164. What is z(55)?
111
Let u(g) = g**2 - 341*g + 17836. What is u(276)?
-104
Let g(h) = 1153*h + 497. Determine g(0).
497
Let d(j) = 11227*j + 123252. Determine d(-11).
-245
Let f(m) = -83*m**2 + 2*m + 34. Calculate f(-3).
-719
Let c(i) = -20*i**3 + 3*i**2 + 38*i + 122. What is c(-3)?
575
Let b(r) = -r**2 - 108741*r + 3589559. What is b(33)?
17
Let v(g) = g**3 + 313*g**2 - 947*g + 160. Give v(-316).
-156
Let o(g) = -7*g**3 + 474*g**2 + 130*g + 56. What is o(68)?
-352
Let j(t) = 2*t**3 - 6*t**2 + 32*t + 72. Give j(-2).
-32
Let g(o) = 94*o**3 - 25951*o**2 + 1942*o - 2765. Determine g(276).
-5
Let l(c) = -50*c + 1046. Give l(10).
546
Let n(k) = 2*k**3 + 100*k**2 - 5492*k - 1162. Calculate n(-83).
0
Let r(w) = 80*w + 3061. What is r(-42)?
-299
Let q(i) = -3*i**3 + 1845*i**2 - 1869*i + 16578. Give q(614).
0
Let z(o) = 13*o**2 + 104*o - 17. Calculate z(-9).
100
Let q(f) = 299977*f + 1799858. What is q(-6)?
-4
Let x(z) = z**3 - 183*z**2 + 181*z - 60. Give x(182).
-242
Let n(s) = -22*s**2 + 35*s + 2465. Give n(0).
2465
Let d(g) = 524*g + 3211. Calculate d(-5).
591
Let h(a) = a**2 - 7334*a + 153556. Give h(21).
-17
Let q(p) = -43*p**3 - 205*p**2 - 235*p - 39. Determine q(-3).
-18
Let y(c) = -c**3 + 23*c**2 + 158*c - 5778. What is y(25)?
-3078
Let d(n) = -7578*n - 129309. Calculate d(-17).
-483
Let f(k) = 315*k - 6262. Calculate f(20).
38
Let j(l) = 375*l**2 - 10150*l + 694. Give j(27).
19
Let t(k) = -581*k + 91295. What is t(157)?
78
Let t(o) = -984*o + 440817. Calculate t(448).
-15
Let g(j) = -32*j**2 + 111*j + 1342. Give g(-5).
-13
Let w(i) = -337*i - 16514. Determine w(-47).
-675
Let s(f) = -48660*f - 4136117. Determine s(-85).
-17
Let l(m) = 2*m**2 - 5298*m - 226055. Determine l(-42).
-11
Let z(c) = c**3 + 893*c**2 + 848*c + 757272. Calculate z(-893).
8
Let k(z) = 2*z**2 + 2761*z + 33050. Calculate k(-12).
206
Let z(h) = -h**3 + 28*h**2 - 116*h - 428. Give z(22).
-76
Let g(x) = 34394*x - 756575. What is g(22)?
93
Let r(c) = 5*c**3 + 28*c**2 - 113*c + 342. What is r(8)?
3790
Let f(c) = 3*c**2 + 376389*c - 10164679. Determine f(27).
11
Let j(o) = -1223*o - 4235. Determine j(-4).
657
Let t(u) = -146*u**2 - 31689*u - 103. Determine t(-217).
1416
Let h(q) = 12*q**2 + 67*q + 475. Give h(-10).
1005
Let x(w) = w**3 + 102*w**2 + 175*w + 6966. Determine x(-101).
-508
Let x(l) = 2*l**3 + 172*l